{"id":908,"date":"2022-04-28T03:13:24","date_gmt":"2022-04-28T03:13:24","guid":{"rendered":"http:\/\/adriamusic.cat\/?page_id=908"},"modified":"2024-04-27T03:16:23","modified_gmt":"2024-04-27T03:16:23","slug":"diada-de-sardenya","status":"publish","type":"page","link":"http:\/\/adriamusic.cat\/index.php\/diada-de-sardenya\/","title":{"rendered":"Diada de Sardenya"},"content":{"rendered":"\n<p>Lletres i cr\u00e8dits de les can\u00e7ons publicades en ocasi\u00f3 de la Diada de Sardenya (28 d&#8217;abril):<\/p>\n\n\n\n<div class=\"wp-block-columns is-layout-flex wp-container-core-columns-is-layout-9d6595d7 wp-block-columns-is-layout-flex\">\n<div class=\"wp-block-column is-layout-flow wp-block-column-is-layout-flow\"><div class=\"wp-block-image\">\n<figure class=\"aligncenter size-large\"><a href=\"http:\/\/adriamusic.cat\/index.php\/2024-terras-de-abbundu\/\"><img loading=\"lazy\" decoding=\"async\" width=\"1024\" height=\"1024\" src=\"http:\/\/adriamusic.cat\/wp-content\/uploads\/2024\/04\/cover1400-1-1024x1024.png\" alt=\"\" class=\"wp-image-1166\" srcset=\"http:\/\/adriamusic.cat\/wp-content\/uploads\/2024\/04\/cover1400-1-1024x1024.png 1024w, http:\/\/adriamusic.cat\/wp-content\/uploads\/2024\/04\/cover1400-1-300x300.png 300w, http:\/\/adriamusic.cat\/wp-content\/uploads\/2024\/04\/cover1400-1-150x150.png 150w, http:\/\/adriamusic.cat\/wp-content\/uploads\/2024\/04\/cover1400-1-768x768.png 768w, http:\/\/adriamusic.cat\/wp-content\/uploads\/2024\/04\/cover1400-1-100x100.png 100w, http:\/\/adriamusic.cat\/wp-content\/uploads\/2024\/04\/cover1400-1.png 1400w\" sizes=\"auto, (max-width: 767px) 89vw, (max-width: 1000px) 54vw, (max-width: 1071px) 543px, 580px\" \/><\/a><figcaption class=\"wp-element-caption\"><a href=\"http:\/\/adriamusic.cat\/?page_id=1199\" data-type=\"page\" data-id=\"1199\">2024<\/a><\/figcaption><\/figure>\n<\/div><\/div>\n\n\n\n<div class=\"wp-block-column is-layout-flow wp-block-column-is-layout-flow\"><div class=\"wp-block-image\">\n<figure class=\"aligncenter size-large\"><a href=\"http:\/\/adriamusic.cat\/index.php\/2022-su-filu-ispinadu\/\"><img loading=\"lazy\" decoding=\"async\" width=\"1024\" height=\"1024\" src=\"http:\/\/adriamusic.cat\/wp-content\/uploads\/2024\/04\/cover1400-1024x1024.png\" alt=\"\" class=\"wp-image-1165\"\/><\/a><figcaption class=\"wp-element-caption\"><a href=\"http:\/\/adriamusic.cat\/index.php\/2022-su-filu-ispinadu\/\">2022<\/a><\/figcaption><\/figure>\n<\/div><\/div>\n\n\n\n<div class=\"wp-block-column is-layout-flow wp-block-column-is-layout-flow\"><div class=\"wp-block-image\">\n<figure class=\"aligncenter size-large is-resized\"><a href=\"http:\/\/adriamusic.cat\/index.php\/sc\/2021-decolonizati-sarda\"><img decoding=\"async\" src=\"http:\/\/adriamusic.cat\/wp-content\/uploads\/2024\/04\/cover-2-933x1024.png\" alt=\"\" class=\"wp-image-1170\" style=\"width:186px;height:auto\"\/><\/a><figcaption class=\"wp-element-caption\"><a href=\"http:\/\/adriamusic.cat\/index.php\/2021-decolonizati-sarda\/\">2021<\/a><\/figcaption><\/figure>\n<\/div><\/div>\n<\/div>\n\n\n\n<p><\/p>\n","protected":false},"excerpt":{"rendered":"<p>Lletres i cr\u00e8dits de les can\u00e7ons publicades en ocasi\u00f3 de la Diada de Sardenya (28 d&#8217;abril):<\/p>\n","protected":false},"author":1,"featured_media":0,"parent":0,"menu_order":0,"comment_status":"closed","ping_status":"closed","template":"","meta":{"footnotes":""},"class_list":["post-908","page","type-page","status-publish","hentry"],"_links":{"self":[{"href":"http:\/\/adriamusic.cat\/index.php\/wp-json\/wp\/v2\/pages\/908","targetHints":{"allow":["GET"]}}],"collection":[{"href":"http:\/\/adriamusic.cat\/index.php\/wp-json\/wp\/v2\/pages"}],"about":[{"href":"http:\/\/adriamusic.cat\/index.php\/wp-json\/wp\/v2\/types\/page"}],"author":[{"embeddable":true,"href":"http:\/\/adriamusic.cat\/index.php\/wp-json\/wp\/v2\/users\/1"}],"replies":[{"embeddable":true,"href":"http:\/\/adriamusic.cat\/index.php\/wp-json\/wp\/v2\/comments?post=908"}],"version-history":[{"count":10,"href":"http:\/\/adriamusic.cat\/index.php\/wp-json\/wp\/v2\/pages\/908\/revisions"}],"predecessor-version":[{"id":1203,"href":"http:\/\/adriamusic.cat\/index.php\/wp-json\/wp\/v2\/pages\/908\/revisions\/1203"}],"wp:attachment":[{"href":"http:\/\/adriamusic.cat\/index.php\/wp-json\/wp\/v2\/media?parent=908"}],"curies":[{"name":"wp","href":"https:\/\/api.w.org\/{rel}","templated":true}]}}