{"id":850,"date":"2021-11-13T02:24:39","date_gmt":"2021-11-13T02:24:39","guid":{"rendered":"http:\/\/adriamusic.cat\/?page_id=850"},"modified":"2024-06-21T07:36:24","modified_gmt":"2024-06-21T07:36:24","slug":"lo-somris-de-la-magrana-sc","status":"publish","type":"page","link":"http:\/\/adriamusic.cat\/index.php\/sc\/lo-somris-de-la-magrana-sc\/","title":{"rendered":"Lo somr\u00eds de la magrana (2020)"},"content":{"rendered":"\n<p><strong><em>Lo somr\u00eds de la magrana<\/em> [&#8216;su risu de s&#8217;arenada&#8217;] est su t\u00ectulu de unu traballu auto-editadu de ses cantzones chi ammisturat is l\u00ecnguas de is Paisos Catalanos e de Sardigna: su catalanu de Bartzellona, su catalanu aligheresu e su sardu.<\/strong><\/p>\n\n\n\n<div class=\"wp-block-columns is-layout-flex wp-container-core-columns-is-layout-9d6595d7 wp-block-columns-is-layout-flex\">\n<div class=\"wp-block-column is-layout-flow wp-block-column-is-layout-flow\"><p><iframe style=\"border: 0; width: 350px; height: 654px;\" src=\"https:\/\/bandcamp.com\/EmbeddedPlayer\/album=1484536880\/size=large\/bgcol=ffffff\/linkcol=e99708\/transparent=true\/\" seamless=\"\"><a href=\"https:\/\/adriamor.bandcamp.com\/album\/lo-somr-s-de-la-magrana-2\">Lo somr\u00eds de la magrana by Adri\u00e0 Mor<\/a><\/iframe><\/p>\n<\/div>\n\n\n\n<div class=\"wp-block-column is-layout-flow wp-block-column-is-layout-flow\">\n<div class=\"wp-block-buttons is-horizontal is-content-justification-center is-layout-flex wp-container-core-buttons-is-layout-499968f5 wp-block-buttons-is-layout-flex\">\n<div class=\"wp-block-button is-style-fill\"><a class=\"wp-block-button__link has-black-color has-luminous-vivid-orange-background-color has-text-color has-background wp-element-button\" href=\"http:\/\/adriamusic.cat\/wp-content\/uploads\/2020\/12\/Adria-Mor-Lo-somris-de-la-magrana-2020.zip\">Isc\u00e0rriga\u00b7ddu<\/a><\/div>\n<\/div>\n\n\n\n<p class=\"has-text-align-center\"><a rel=\"noreferrer noopener\" href=\"https:\/\/adriamor.bandcamp.com\" target=\"_blank\">o coll\u00e0bora cun una donatzione<\/a>!<\/p>\n\n\n\n<p class=\"has-text-align-center\" style=\"font-size:9px\">\u00abLo somr\u00eds de la magrana\u00bb, de Adri\u00e0 Mor, est unu traballu cun liss\u00e8ntzia de <a rel=\"noreferrer noopener\" href=\"http:\/\/creativecommons.org\/licenses\/by-sa\/4.0\/\" target=\"_blank\">Reconnoschimentu-CumpartzireUguale 4.0 Internatzionale de Creative Commons<\/a>. Creadu dae unu traballu dispon\u00ecbile in <a href=\"http:\/\/www.adriamusic.cat\">http:\/\/www.adriamusic.cat.<\/a><\/p>\n\n\n<div class=\"wp-block-image\">\n<figure class=\"aligncenter\"><a href=\"http:\/\/creativecommons.org\/licenses\/by-sa\/4.0\/\"><img decoding=\"async\" src=\"https:\/\/i.creativecommons.org\/l\/by-sa\/4.0\/88x31.png\" alt=\"Llic\u00e8ncia de Creative Commons\"\/><\/a><\/figure>\n<\/div>\n\n\n<div class=\"wp-block-buttons is-content-justification-center is-layout-flex wp-container-core-buttons-is-layout-16018d1d wp-block-buttons-is-layout-flex\">\n<div class=\"wp-block-button\"><a class=\"wp-block-button__link has-black-color has-luminous-vivid-orange-background-color has-text-color has-background wp-element-button\" href=\"http:\/\/adriamusic.cat\/index.php\/sc\/testos\/\">Testos<\/a><\/div>\n<\/div>\n<\/div>\n<\/div>\n\n\n\n<h2 class=\"wp-block-heading\">Cr\u00e8ditos<\/h2>\n\n\n\n<p><em>Lo somr\u00eds de la magrana<\/em>, 2020<br>M\u00f9sica e testu: Adri\u00e0 Mor<\/p>\n\n\n\n<p><strong>Adri\u00e0 Mor \u2013<\/strong> chitarra e boghe.<br><strong>Charly L\u00f3pez \u2013<\/strong> percussione: \u00abDecoloniza\u00b7ti, sarda\u00bb, \u00abCant alguer\u00e8s\u00bb.<br><strong>Joan Garriga \u2013<\/strong> fisarm\u00f2nica: \u00abDecoloniza\u00b7ti, sarda\u00bb.<br><strong>Marc Serrats \u2013<\/strong> chitarra el\u00e8trica: \u00abAmor i ressaca a l\u2019Alguer\u00bb, \u00abBeni cun me\u00bb, \u00abAbr\u00f9giat Casteddu\u00bb, \u00abCant alguer\u00e8s\u00bb.<br><strong>Mari\u00e0 Roch \u2013<\/strong> b\u00e0sciu, percussione minore.<br><strong>Martina Massip \u2013 <\/strong>boghe: \u00abAmor i ressaca a l\u2019Alguer\u00bb, \u00abSarda i trista\u00bb.<\/p>\n\n\n\n<p>Produtzione: Marc Serrats, Mari\u00e0 Roch.<br>Registradu in is ist\u00f9dios La Fournier (la Garriga, Catalugna), argiolas 2020.<\/p>\n\n\n\n<p>Illustratzione: Michele Ibba [ibbami @ gmail.com].<\/p>\n\n\n\n<p><strong>\u00abAmor i ressaca a l&#8217;Alguer\u00bb est istada registrada gr\u00e0tzias a su finantziamentu de sa Delegaci\u00f3 de l\u2019Institut d\u2019Estudis Catalans in s\u2019Alighera e a sa Plataforma per la Llengua de s\u2019Alighera.<\/strong><\/p>\n\n\n\n<p>Torramus gr\u00e0tzias a Francesc Ballone pro sa consul\u00e8ntzia lingu\u00ecstica in aligheresu.<\/p>\n\n\n\n<figure class=\"wp-block-table\"><table><tbody><tr><td class=\"has-text-align-center\" data-align=\"center\"><img loading=\"lazy\" decoding=\"async\" src=\"http:\/\/adriamusic.cat\/wp-content\/uploads\/2020\/11\/catala-alguer-IEC-logo-m.png\" alt=\"\" width=\"200\" height=\"107\"><\/td><td class=\"has-text-align-center\" data-align=\"center\"><img loading=\"lazy\" decoding=\"async\" src=\"http:\/\/adriamusic.cat\/wp-content\/uploads\/2020\/11\/IMG_20200831_093309_705.jpg\" alt=\"\" width=\"121\" height=\"121\"><\/td><\/tr><\/tbody><\/table><\/figure>\n","protected":false},"excerpt":{"rendered":"<p>Lo somr\u00eds de la magrana [&#8216;su risu de s&#8217;arenada&#8217;] est su t\u00ectulu de unu traballu auto-editadu de ses cantzones chi ammisturat is l\u00ecnguas de is Paisos Catalanos e de Sardigna: su catalanu de Bartzellona, su catalanu aligheresu e su sardu. o coll\u00e0bora cun una donatzione! \u00abLo somr\u00eds de la magrana\u00bb, de Adri\u00e0 Mor, est unu &hellip; <\/p>\n<p class=\"link-more\"><a href=\"http:\/\/adriamusic.cat\/index.php\/sc\/lo-somris-de-la-magrana-sc\/\" class=\"more-link\">Continua llegint <span class=\"screen-reader-text\">\u00abLo somr\u00eds de la magrana (2020)\u00bb<\/span><\/a><\/p>\n","protected":false},"author":1,"featured_media":0,"parent":0,"menu_order":0,"comment_status":"closed","ping_status":"closed","template":"","meta":{"footnotes":""},"class_list":["post-850","page","type-page","status-publish","hentry"],"_links":{"self":[{"href":"http:\/\/adriamusic.cat\/index.php\/wp-json\/wp\/v2\/pages\/850","targetHints":{"allow":["GET"]}}],"collection":[{"href":"http:\/\/adriamusic.cat\/index.php\/wp-json\/wp\/v2\/pages"}],"about":[{"href":"http:\/\/adriamusic.cat\/index.php\/wp-json\/wp\/v2\/types\/page"}],"author":[{"embeddable":true,"href":"http:\/\/adriamusic.cat\/index.php\/wp-json\/wp\/v2\/users\/1"}],"replies":[{"embeddable":true,"href":"http:\/\/adriamusic.cat\/index.php\/wp-json\/wp\/v2\/comments?post=850"}],"version-history":[{"count":5,"href":"http:\/\/adriamusic.cat\/index.php\/wp-json\/wp\/v2\/pages\/850\/revisions"}],"predecessor-version":[{"id":1257,"href":"http:\/\/adriamusic.cat\/index.php\/wp-json\/wp\/v2\/pages\/850\/revisions\/1257"}],"wp:attachment":[{"href":"http:\/\/adriamusic.cat\/index.php\/wp-json\/wp\/v2\/media?parent=850"}],"curies":[{"name":"wp","href":"https:\/\/api.w.org\/{rel}","templated":true}]}}