{"id":342,"date":"2020-12-10T09:31:51","date_gmt":"2020-12-10T09:31:51","guid":{"rendered":"http:\/\/adriamusic.cat\/?page_id=342"},"modified":"2020-12-10T09:31:51","modified_gmt":"2020-12-10T09:31:51","slug":"abrugiat-casteddu","status":"publish","type":"page","link":"http:\/\/adriamusic.cat\/index.php\/sc\/testos\/abrugiat-casteddu\/","title":{"rendered":"Abr\u00f9giat Casteddu"},"content":{"rendered":"\n<div class=\"wp-block-group\"><div class=\"wp-block-group__inner-container is-layout-flow wp-block-group-is-layout-flow\">\n<div class=\"wp-block-columns is-layout-flex wp-container-core-columns-is-layout-9d6595d7 wp-block-columns-is-layout-flex\">\n<div class=\"wp-block-column is-layout-flow wp-block-column-is-layout-flow\">\n<p>Oe so essidu, comente onni mangianu<br>a chircare is colores de Casteddu.<br>Basca de istade e fragu de beranu,<br>de Monte Urpinu fintzas a su Poetu.<\/p>\n\n\n\n<p>Mi-la, mi, sorrisu durche durche,<br>ogros lughentes, su coro in paghe.<br>No si dda faghet e s\u2019innamorat<br>su bighinadu intreu de Stampaxi.<\/p>\n\n\n\n<p>Est essida comente onni mangianu,<br>ddi narant is camareris, \u00abbuongiorno signorina\u00bb.<br>Issa ddos c\u00e0stiat, ddis bogat su respiru<br>cun sa mirada, in is ruas de Marina.<\/p>\n\n\n\n<p>De Casteddu de susu fintzas a Casteddu de b\u00e0sciu,<br>ite gana de ti b\u00ecdere, o de torrare a coa.<br>De s&#8217;iscurigad\u00f2rgiu fintzas a s\u2019arbeschid\u00f2rgiu,<br>ite f\u00e0mene animale rughende Biddanoa.<\/p>\n\n\n\n<p><em>Ces, ite manera de passigiare a s\u2019iscoberta<\/em><br><em>su corpus tuo de burracera<\/em><br><em>furende is coros de sa tzitade intrea.<\/em><\/p>\n<\/div>\n\n\n\n<div class=\"wp-block-column is-layout-flow wp-block-column-is-layout-flow\">\n<p><em>Ces, ite brusceria, ite baschigedda<\/em><br><em>de fogarones in sa bia.<\/em><br><em>Ite bellesa, ite ermosura,<\/em><br><em>s\u2019amore, vida, s\u2019amore, ite brulla.<\/em><\/p>\n\n\n\n<p>E murighende, e murighende,<br>e murighende intrallatzende is l\u00ecnguas nostras<br>minorizadas, Coronita e limonada,<br>sa luna prena: festa manna a Calamosca.<\/p>\n\n\n\n<p>E in austu, unu basu in s\u2019istatzione,<br>a menzus b\u00ecdere, so andende de Sardigna.<br><em>A videzzi, ci vidimu, a mos veure,<br>se vedemu<\/em>, a si b\u00ecdere, belligedda.<\/p>\n\n\n\n<p><em>Ces, ite manera de passigiare a s\u2019iscoberta<\/em><br><em>su corpus tuo de burracera<\/em><br><em>furende is coros de sa tzitade intrea.<\/em><br><em>E si imbriagare, ite dis\u00ecgiu,<\/em><br><em>bufende birra chi ti colat de is cab\u00ecgios.<\/em><br><em>Ammachiende\u00b7si, in \u00f2nnia logu, allughende\u00b7si.<\/em><\/p>\n\n\n\n<p><em>Fogu, fogu, fogu, fogu<\/em><br><em>chi abr\u00f9giat Casteddu.<\/em><\/p>\n<\/div>\n<\/div>\n<\/div><\/div>\n","protected":false},"excerpt":{"rendered":"<p>Oe so essidu, comente onni mangianua chircare is colores de Casteddu.Basca de istade e fragu de beranu,de Monte Urpinu fintzas a su Poetu. Mi-la, mi, sorrisu durche durche,ogros lughentes, su coro in paghe.No si dda faghet e s\u2019innamoratsu bighinadu intreu de Stampaxi. Est essida comente onni mangianu,ddi narant is camareris, \u00abbuongiorno signorina\u00bb.Issa ddos c\u00e0stiat, ddis &hellip; <\/p>\n<p class=\"link-more\"><a href=\"http:\/\/adriamusic.cat\/index.php\/sc\/testos\/abrugiat-casteddu\/\" class=\"more-link\">Continua llegint <span class=\"screen-reader-text\">\u00abAbr\u00f9giat Casteddu\u00bb<\/span><\/a><\/p>\n","protected":false},"author":1,"featured_media":0,"parent":291,"menu_order":0,"comment_status":"closed","ping_status":"closed","template":"","meta":{"footnotes":""},"class_list":["post-342","page","type-page","status-publish","hentry"],"_links":{"self":[{"href":"http:\/\/adriamusic.cat\/index.php\/wp-json\/wp\/v2\/pages\/342","targetHints":{"allow":["GET"]}}],"collection":[{"href":"http:\/\/adriamusic.cat\/index.php\/wp-json\/wp\/v2\/pages"}],"about":[{"href":"http:\/\/adriamusic.cat\/index.php\/wp-json\/wp\/v2\/types\/page"}],"author":[{"embeddable":true,"href":"http:\/\/adriamusic.cat\/index.php\/wp-json\/wp\/v2\/users\/1"}],"replies":[{"embeddable":true,"href":"http:\/\/adriamusic.cat\/index.php\/wp-json\/wp\/v2\/comments?post=342"}],"version-history":[{"count":1,"href":"http:\/\/adriamusic.cat\/index.php\/wp-json\/wp\/v2\/pages\/342\/revisions"}],"predecessor-version":[{"id":343,"href":"http:\/\/adriamusic.cat\/index.php\/wp-json\/wp\/v2\/pages\/342\/revisions\/343"}],"up":[{"embeddable":true,"href":"http:\/\/adriamusic.cat\/index.php\/wp-json\/wp\/v2\/pages\/291"}],"wp:attachment":[{"href":"http:\/\/adriamusic.cat\/index.php\/wp-json\/wp\/v2\/media?parent=342"}],"curies":[{"name":"wp","href":"https:\/\/api.w.org\/{rel}","templated":true}]}}