{"id":291,"date":"2020-12-10T08:51:02","date_gmt":"2020-12-10T08:51:02","guid":{"rendered":"http:\/\/adriamusic.cat\/?page_id=291"},"modified":"2025-08-19T08:41:07","modified_gmt":"2025-08-19T08:41:07","slug":"testos","status":"publish","type":"page","link":"http:\/\/adriamusic.cat\/index.php\/sc\/testos\/","title":{"rendered":"Testos"},"content":{"rendered":"\n<figure class=\"wp-block-image size-large is-resized\"><img loading=\"lazy\" decoding=\"async\" width=\"1024\" height=\"905\" src=\"http:\/\/adriamusic.cat\/wp-content\/uploads\/2024\/06\/Copertina-1024x905.png\" alt=\"\" class=\"wp-image-1252\" style=\"width:150px\" srcset=\"http:\/\/adriamusic.cat\/wp-content\/uploads\/2024\/06\/Copertina-1024x905.png 1024w, http:\/\/adriamusic.cat\/wp-content\/uploads\/2024\/06\/Copertina-300x265.png 300w, http:\/\/adriamusic.cat\/wp-content\/uploads\/2024\/06\/Copertina-768x679.png 768w, http:\/\/adriamusic.cat\/wp-content\/uploads\/2024\/06\/Copertina.png 1306w\" sizes=\"auto, (max-width: 767px) 89vw, (max-width: 1000px) 54vw, (max-width: 1071px) 543px, 580px\" \/><\/figure>\n\n\n\n<h2 class=\"wp-block-heading\"><em>De Sardenya a Calif\u00f2rnia (2024)<\/em><\/h2>\n\n\n\n<p>Beni cun me (cun Eleonora Peana)<br>Non bido s&#8217;ora (cun Elisa Carta)<br>Llua (cun Meritxell Gen\u00e9)<br>Si el m\u00f3n \u00e9s un mocador<br><a href=\"http:\/\/adriamusic.cat\/index.php\/amor-ressaca-alguer\/\">Amor i ressaca a l&#8217;Alguer<\/a><br>Parakalo, Stefania<br>Sarda e trista<br>Hotel Elisa<br>Sad and Sardinian<br><a href=\"http:\/\/adriamusic.cat\/?page_id=1410\">Sa l\u00ecngua sarda in albergu (dae Antoni N\u00e0tziu Garau)<\/a><\/p>\n\n\n\n<figure class=\"wp-block-image size-full is-resized\"><img loading=\"lazy\" decoding=\"async\" width=\"500\" height=\"499\" src=\"http:\/\/adriamusic.cat\/wp-content\/uploads\/2020\/12\/01-Amor-i-ressaca-a-lAlguer-ogg-image.jpg\" alt=\"Coberta del disc, amb una furgoneta al davant de la posta de sol i el Cap de Ca\u00e7a al fons\" class=\"wp-image-215\" style=\"width:150px\" srcset=\"http:\/\/adriamusic.cat\/wp-content\/uploads\/2020\/12\/01-Amor-i-ressaca-a-lAlguer-ogg-image.jpg 500w, http:\/\/adriamusic.cat\/wp-content\/uploads\/2020\/12\/01-Amor-i-ressaca-a-lAlguer-ogg-image-300x300.jpg 300w, http:\/\/adriamusic.cat\/wp-content\/uploads\/2020\/12\/01-Amor-i-ressaca-a-lAlguer-ogg-image-150x150.jpg 150w, http:\/\/adriamusic.cat\/wp-content\/uploads\/2020\/12\/01-Amor-i-ressaca-a-lAlguer-ogg-image-100x100.jpg 100w\" sizes=\"auto, (max-width: 500px) 100vw, 500px\" \/><\/figure>\n\n\n\n<h2 class=\"wp-block-heading\"><em>Lo somr\u00eds de la magrana<\/em> (2020)<\/h2>\n\n\n\n<p class=\"has-text-align-center\">Inoghe as a agatare is testos de is cantzones de <em>Lo somr\u00eds de la magrana<\/em>. Si ti isc\u00e0rrigas su <a href=\"http:\/\/adriamusic.cat\/\">cd cumpletu<\/a>, ddas as a agatare puru a intro de is arch\u00ecvios LRC (chi podent \u00e8ssere l\u00e8ghidos dae v\u00e0rios letores multimediales).<\/p>\n\n\n\n<p><a href=\"http:\/\/adriamusic.cat\/index.php\/amor-ressaca-alguer\/\">Amor i ressaca a l&#8217;Alguer<\/a><br><a href=\"http:\/\/adriamusic.cat\/index.php\/beni-cun-me-2\/\">Beni cun me<\/a><br><a href=\"http:\/\/adriamusic.cat\/index.php\/abrugiat-casteddu\/\">Abr\u00f9giat Casteddu<\/a><br><a href=\"http:\/\/adriamusic.cat\/index.php\/decolonizati-sarda\/\">Decoloniza\u00b7ti, sarda [cun Joan Garriga]<\/a><br><a href=\"http:\/\/adriamusic.cat\/index.php\/cant-algueres\/\">Cant alguer\u00e8s (massa gent sense casa)<\/a><br><a href=\"http:\/\/adriamusic.cat\/index.php\/sarda-i-trista\/\">Sarda i trista<\/a><\/p>\n","protected":false},"excerpt":{"rendered":"<p>De Sardenya a Calif\u00f2rnia (2024) Beni cun me (cun Eleonora Peana)Non bido s&#8217;ora (cun Elisa Carta)Llua (cun Meritxell Gen\u00e9)Si el m\u00f3n \u00e9s un mocadorAmor i ressaca a l&#8217;AlguerParakalo, StefaniaSarda e tristaHotel ElisaSad and SardinianSa l\u00ecngua sarda in albergu (dae Antoni N\u00e0tziu Garau) Lo somr\u00eds de la magrana (2020) Inoghe as a agatare is testos de &hellip; <\/p>\n<p class=\"link-more\"><a href=\"http:\/\/adriamusic.cat\/index.php\/sc\/testos\/\" class=\"more-link\">Continua llegint <span class=\"screen-reader-text\">\u00abTestos\u00bb<\/span><\/a><\/p>\n","protected":false},"author":1,"featured_media":0,"parent":0,"menu_order":0,"comment_status":"closed","ping_status":"closed","template":"","meta":{"footnotes":""},"class_list":["post-291","page","type-page","status-publish","hentry"],"_links":{"self":[{"href":"http:\/\/adriamusic.cat\/index.php\/wp-json\/wp\/v2\/pages\/291","targetHints":{"allow":["GET"]}}],"collection":[{"href":"http:\/\/adriamusic.cat\/index.php\/wp-json\/wp\/v2\/pages"}],"about":[{"href":"http:\/\/adriamusic.cat\/index.php\/wp-json\/wp\/v2\/types\/page"}],"author":[{"embeddable":true,"href":"http:\/\/adriamusic.cat\/index.php\/wp-json\/wp\/v2\/users\/1"}],"replies":[{"embeddable":true,"href":"http:\/\/adriamusic.cat\/index.php\/wp-json\/wp\/v2\/comments?post=291"}],"version-history":[{"count":4,"href":"http:\/\/adriamusic.cat\/index.php\/wp-json\/wp\/v2\/pages\/291\/revisions"}],"predecessor-version":[{"id":1415,"href":"http:\/\/adriamusic.cat\/index.php\/wp-json\/wp\/v2\/pages\/291\/revisions\/1415"}],"wp:attachment":[{"href":"http:\/\/adriamusic.cat\/index.php\/wp-json\/wp\/v2\/media?parent=291"}],"curies":[{"name":"wp","href":"https:\/\/api.w.org\/{rel}","templated":true}]}}