{"id":1566,"date":"2025-12-31T09:41:50","date_gmt":"2025-12-31T09:41:50","guid":{"rendered":"http:\/\/adriamusic.cat\/?page_id=1566"},"modified":"2025-12-31T09:44:30","modified_gmt":"2025-12-31T09:44:30","slug":"beni-cun-me-in-america-puntada-4","status":"publish","type":"page","link":"http:\/\/adriamusic.cat\/index.php\/sc\/beni-cun-me-in-america-puntada-4\/","title":{"rendered":"Beni cun me in Am\u00e8rica: puntada 4"},"content":{"rendered":"\n<p>Passigende in s\u2019istagnu de Calic, in L\u2019Alguer, regordo su bi\u00e0giu chi apo fatu in sa East Coast de is Istados Unidos, in ue apo visitadu a Maurizio Piroddi in New Jersey. Cun issu e is f\u00ecgios suos, a chie chircat de imparare su sardu in mesu a un&#8217;ambiente angl\u00f2fonu, semus andados a nord de s&#8217;istadu de New York, pro conn\u00f2schere a Davide Porcu, chi bivet cun sa fam\u00eclia inghiriadu de natura.<\/p>\n\n\n\n<p>In fines, faeddamus cun Francesc Usai, un\u2019aligheresu chi traballat comente diretore de unu camp\u00e8giu, e chi nos at contadu pro ite non diat p\u00f2dere b\u00ecvere in nissunu \u00e0teru logu de su mundu.<\/p>\n\n\n\n<figure class=\"wp-block-image size-full\"><a href=\"https:\/\/www.raiplay.it\/video\/2025\/11\/watchfolder-SARDEGNA-NOGEO-BENI-CUM-ME-USA-PT4-LOGO--B-R--2400mp4-849a380f-be5b-47e2-abfc-04aa5315beed.html\"><img loading=\"lazy\" decoding=\"async\" width=\"277\" height=\"231\" src=\"http:\/\/adriamusic.cat\/wp-content\/uploads\/2025\/12\/immagine.png\" alt=\"\" class=\"wp-image-1568\"\/><\/a><\/figure>\n","protected":false},"excerpt":{"rendered":"<p>Passigende in s\u2019istagnu de Calic, in L\u2019Alguer, regordo su bi\u00e0giu chi apo fatu in sa East Coast de is Istados Unidos, in ue apo visitadu a Maurizio Piroddi in New Jersey. Cun issu e is f\u00ecgios suos, a chie chircat de imparare su sardu in mesu a un&#8217;ambiente angl\u00f2fonu, semus andados a nord de s&#8217;istadu &hellip; <\/p>\n<p class=\"link-more\"><a href=\"http:\/\/adriamusic.cat\/index.php\/sc\/beni-cun-me-in-america-puntada-4\/\" class=\"more-link\">Continua llegint <span class=\"screen-reader-text\">\u00abBeni cun me in Am\u00e8rica: puntada 4\u00bb<\/span><\/a><\/p>\n","protected":false},"author":1,"featured_media":0,"parent":0,"menu_order":0,"comment_status":"closed","ping_status":"closed","template":"","meta":{"footnotes":""},"class_list":["post-1566","page","type-page","status-publish","hentry"],"_links":{"self":[{"href":"http:\/\/adriamusic.cat\/index.php\/wp-json\/wp\/v2\/pages\/1566","targetHints":{"allow":["GET"]}}],"collection":[{"href":"http:\/\/adriamusic.cat\/index.php\/wp-json\/wp\/v2\/pages"}],"about":[{"href":"http:\/\/adriamusic.cat\/index.php\/wp-json\/wp\/v2\/types\/page"}],"author":[{"embeddable":true,"href":"http:\/\/adriamusic.cat\/index.php\/wp-json\/wp\/v2\/users\/1"}],"replies":[{"embeddable":true,"href":"http:\/\/adriamusic.cat\/index.php\/wp-json\/wp\/v2\/comments?post=1566"}],"version-history":[{"count":2,"href":"http:\/\/adriamusic.cat\/index.php\/wp-json\/wp\/v2\/pages\/1566\/revisions"}],"predecessor-version":[{"id":1573,"href":"http:\/\/adriamusic.cat\/index.php\/wp-json\/wp\/v2\/pages\/1566\/revisions\/1573"}],"wp:attachment":[{"href":"http:\/\/adriamusic.cat\/index.php\/wp-json\/wp\/v2\/media?parent=1566"}],"curies":[{"name":"wp","href":"https:\/\/api.w.org\/{rel}","templated":true}]}}

Beni cun me in Amèrica: puntada 4

<p>Passigende in s’istagnu de Calic, in L’Alguer, regordo su biàgiu chi apo fatu in sa East Coast de is Istados Unidos, in ue apo visitadu a Maurizio Piroddi in New Jersey. Cun issu e is fìgios suos, a chie chircat de imparare su sardu in mesu a un&#8217;ambiente anglòfonu, semus andados a nord de s&#8217;istadu de New York, pro connòschere a Davide Porcu, chi bivet cun sa famìlia inghiriadu de natura.</p>



<p>In fines, faeddamus cun Francesc Usai, un’aligheresu chi traballat comente diretore de unu campègiu, e chi nos at contadu pro ite non diat pòdere bìvere in nissunu àteru logu de su mundu.</p>



<figure class="wp-block-image size-full"><a href="https://www.raiplay.it/video/2025/11/watchfolder-SARDEGNA-NOGEO-BENI-CUM-ME-USA-PT4-LOGO--B-R--2400mp4-849a380f-be5b-47e2-abfc-04aa5315beed.html"><img loading="lazy" decoding="async" width="277" height="231" src="http://adriamusic.cat/wp-content/uploads/2025/12/immagine.png" alt="" class="wp-image-1568"/></a></figure>

<p>Passigende in s’istagnu de Calic, in L’Alguer, regordo su biàgiu chi apo fatu in sa East Coast de is Istados Unidos, in ue apo visitadu a Maurizio Piroddi in New Jersey. Cun issu e is fìgios suos, a chie chircat de imparare su sardu in mesu a un&#8217;ambiente anglòfonu, semus andados a nord de s&#8217;istadu &hellip; </p>
<p class="link-more"><a href="http://adriamusic.cat/index.php/sc/beni-cun-me-in-america-puntada-4/" class="more-link">Continua llegint <span class="screen-reader-text">«Beni cun me in Amèrica: puntada 4»</span></a></p>
