{"id":1564,"date":"2025-12-31T09:33:17","date_gmt":"2025-12-31T09:33:17","guid":{"rendered":"http:\/\/adriamusic.cat\/?page_id=1564"},"modified":"2025-12-31T09:44:11","modified_gmt":"2025-12-31T09:44:11","slug":"beni-cun-me-in-america-capitol-4","status":"publish","type":"page","link":"http:\/\/adriamusic.cat\/index.php\/beni-cun-me-in-america-capitol-4\/","title":{"rendered":"Beni cun me in Am\u00e8rica: cap\u00edtol 4"},"content":{"rendered":"\n<p>Passejant per l&#8217;estany del C\u00e0lic, a l&#8217;Alguer, recordo el meu viatge a la costa est dels EUA, on vaig visitar en Maurizio Piroddi a New Jersey. Amb ell i els seus fills, a qui mira d&#8217;ensenyar-los el sard des d&#8217;un entorn angl\u00f2fon, ens vam despla\u00e7ar fins al nord de l&#8217;estat de Nova York, per con\u00e8ixer en Davide Porcu, que viu envoltat de natura amb la fam\u00edlia.<\/p>\n\n\n\n<p>Finalment, conversem amb en Francesc Usai, un alguer\u00e8s que treballa com a director d&#8217;un c\u00e0mping, que ens explica per qu\u00e8 no podria viure enlloc m\u00e9s del m\u00f3n.<\/p>\n\n\n\n<figure class=\"wp-block-image size-full\"><a href=\"https:\/\/www.raiplay.it\/video\/2025\/11\/watchfolder-SARDEGNA-NOGEO-BENI-CUM-ME-USA-PT4-LOGO--B-R--2400mp4-849a380f-be5b-47e2-abfc-04aa5315beed.html\"><img loading=\"lazy\" decoding=\"async\" width=\"277\" height=\"231\" src=\"http:\/\/adriamusic.cat\/wp-content\/uploads\/2025\/12\/immagine.png\" alt=\"\" class=\"wp-image-1568\"\/><\/a><\/figure>\n\n\n\n<p><\/p>\n","protected":false},"excerpt":{"rendered":"<p>Passejant per l&#8217;estany del C\u00e0lic, a l&#8217;Alguer, recordo el meu viatge a la costa est dels EUA, on vaig visitar en Maurizio Piroddi a New Jersey. Amb ell i els seus fills, a qui mira d&#8217;ensenyar-los el sard des d&#8217;un entorn angl\u00f2fon, ens vam despla\u00e7ar fins al nord de l&#8217;estat de Nova York, per con\u00e8ixer &hellip; <\/p>\n<p class=\"link-more\"><a href=\"http:\/\/adriamusic.cat\/index.php\/beni-cun-me-in-america-capitol-4\/\" class=\"more-link\">Continua llegint <span class=\"screen-reader-text\">\u00abBeni cun me in Am\u00e8rica: cap\u00edtol 4\u00bb<\/span><\/a><\/p>\n","protected":false},"author":1,"featured_media":0,"parent":0,"menu_order":0,"comment_status":"closed","ping_status":"closed","template":"","meta":{"footnotes":""},"class_list":["post-1564","page","type-page","status-publish","hentry"],"_links":{"self":[{"href":"http:\/\/adriamusic.cat\/index.php\/wp-json\/wp\/v2\/pages\/1564","targetHints":{"allow":["GET"]}}],"collection":[{"href":"http:\/\/adriamusic.cat\/index.php\/wp-json\/wp\/v2\/pages"}],"about":[{"href":"http:\/\/adriamusic.cat\/index.php\/wp-json\/wp\/v2\/types\/page"}],"author":[{"embeddable":true,"href":"http:\/\/adriamusic.cat\/index.php\/wp-json\/wp\/v2\/users\/1"}],"replies":[{"embeddable":true,"href":"http:\/\/adriamusic.cat\/index.php\/wp-json\/wp\/v2\/comments?post=1564"}],"version-history":[{"count":2,"href":"http:\/\/adriamusic.cat\/index.php\/wp-json\/wp\/v2\/pages\/1564\/revisions"}],"predecessor-version":[{"id":1572,"href":"http:\/\/adriamusic.cat\/index.php\/wp-json\/wp\/v2\/pages\/1564\/revisions\/1572"}],"wp:attachment":[{"href":"http:\/\/adriamusic.cat\/index.php\/wp-json\/wp\/v2\/media?parent=1564"}],"curies":[{"name":"wp","href":"https:\/\/api.w.org\/{rel}","templated":true}]}}

Beni cun me in Amèrica: capítol 4

<p>Passejant per l&#8217;estany del Càlic, a l&#8217;Alguer, recordo el meu viatge a la costa est dels EUA, on vaig visitar en Maurizio Piroddi a New Jersey. Amb ell i els seus fills, a qui mira d&#8217;ensenyar-los el sard des d&#8217;un entorn anglòfon, ens vam desplaçar fins al nord de l&#8217;estat de Nova York, per conèixer en Davide Porcu, que viu envoltat de natura amb la família.</p>



<p>Finalment, conversem amb en Francesc Usai, un alguerès que treballa com a director d&#8217;un càmping, que ens explica per què no podria viure enlloc més del món.</p>



<figure class="wp-block-image size-full"><a href="https://www.raiplay.it/video/2025/11/watchfolder-SARDEGNA-NOGEO-BENI-CUM-ME-USA-PT4-LOGO--B-R--2400mp4-849a380f-be5b-47e2-abfc-04aa5315beed.html"><img loading="lazy" decoding="async" width="277" height="231" src="http://adriamusic.cat/wp-content/uploads/2025/12/immagine.png" alt="" class="wp-image-1568"/></a></figure>



<p></p>

<p>Passejant per l&#8217;estany del Càlic, a l&#8217;Alguer, recordo el meu viatge a la costa est dels EUA, on vaig visitar en Maurizio Piroddi a New Jersey. Amb ell i els seus fills, a qui mira d&#8217;ensenyar-los el sard des d&#8217;un entorn anglòfon, ens vam desplaçar fins al nord de l&#8217;estat de Nova York, per conèixer &hellip; </p>
<p class="link-more"><a href="http://adriamusic.cat/index.php/beni-cun-me-in-america-capitol-4/" class="more-link">Continua llegint <span class="screen-reader-text">«Beni cun me in Amèrica: capítol 4»</span></a></p>
